3, 11, 3296603
What are the prime factors of 1239428004?
2, 3, 461, 224047
List the prime factors of 20601807.
3, 17, 403957
List the prime factors of 258918569.
7, 13, 907, 3137
List the prime factors of 68176701.
3, 263, 9601
List the prime factors of 5392035.
3, 5, 11, 3631
What are the prime factors of 75799472?
2, 7, 109, 887
What are the prime factors of 4749723?
3, 11, 47977
What are the prime factors of 214025995?
5, 349, 122651
List the prime factors of 16781491.
47, 277, 1289
What are the prime factors of 90298961?
4621, 19541
List the prime factors of 62833570.
2, 5, 19, 330703
List the prime factors of 17878878.
2, 3, 31, 179
What are the prime factors of 26541086?
2, 11, 13, 92801
List the prime factors of 33591032.
2, 4198879
What are the prime factors of 2064754509?
3, 47, 311567
What are the prime factors of 76753977?
3, 19, 193, 6977
List the prime factors of 364424468.
2, 31, 73, 127, 317
What are the prime factors of 53566443?
3, 7, 850261
What are the prime factors of 848940303?
3, 282980101
List the prime factors of 1023883410.
2, 3, 5, 11, 23, 277, 487
What are the prime factors of 50805269?
50805269
What are the prime factors of 40127621?
251, 159871
What are the prime factors of 3208833442?
2, 1604416721
What are the prime factors of 19909639?
19909639
What are the prime factors of 757268960?
2, 5, 7, 71, 89, 107
What are the prime factors of 86651457?
3, 19, 167, 9103
List the prime factors of 956716005.
3, 5, 7, 9111581
What are the prime factors of 107934974?
2, 7, 659, 11699
List the prime factors of 657542404.
2, 29, 5668469
What are the prime factors of 439855598?
2, 7, 13, 617, 3917
List the prime factors of 442382731.
7, 251, 35969
What are the prime factors of 3976692301?
73, 54475237
List the prime factors of 2125324048.
2, 132832753
What are the prime factors of 65927179?
29, 2273351
What are the prime factors of 89955051?
3, 167, 409, 439
List the prime factors of 187144487.
821, 227947
What are the prime factors of 940064974?
2, 41, 101, 223, 509
What are the prime factors of 28579889?
13, 2198453
What are the prime factors of 296485786?
2, 148242893
List the prime factors of 3183144257.
419, 7597003
List the prime factors of 3153888151.
1597, 1974883
List the prime factors of 135506857.
157, 229, 3769
What are the prime factors of 36165601?
36165601
What are the prime factors of 19272529?
211, 241, 379
List the prime factors of 29898622.
2, 13, 139, 8273
What are the prime factors of 98374002?
2, 3, 17, 157, 6143
What are the prime factors of 32630501?
32630501
What are the prime factors of 1292150135?
5, 3581, 72167
What are the prime factors of 520831290?
2, 3, 5, 7, 354307
List the prime factors of 43055332.
2, 1277, 8429
List the prime factors of 488402378.
2, 23, 83, 127921
List the prime factors of 139276559.
2999, 46441
What are the prime factors of 1474525891?
197, 331, 22613
What are the prime factors of 48414151?
48414151
What are the prime factors of 101572418?
2, 50786209
List the prime factors of 50625522.
2, 3, 281, 10009
List the prime factors of 272071036.
2, 811, 83869
What are the prime factors of 18487119?
3, 7, 43, 59, 347
List the prime factors of 293271682.
2, 11, 13330531
What are the prime factors of 531403336?
2, 89, 746353
List the prime factors of 40287106.
2, 19, 1060187
List the prime factors of 503979444.
2, 3, 73, 191773
List the prime factors of 39465587.
7, 83, 67927
What are the prime factors of 49040588?
2, 12260147
What are the prime factors of 817729574?
2, 408864787
List the prime factors of 370248735.
3, 5, 24683249
List the prime factors of 42707013.
3, 14235671
List the prime factors of 163218325.
5, 43, 149, 1019
List the prime factors of 163646362.
2, 11, 29, 256499
What are the prime factors of 204527673?
3, 7, 163, 2213
What are the prime factors of 6959212570?
2, 5, 23561, 29537
List the prime factors of 637299613.
41, 53, 313, 937
What are the prime factors of 354845907?
3, 13, 1010957
What are the prime factors of 2475676341?
3, 275075149
What are the prime factors of 234919853?
7, 3677, 9127
List the prime factors of 6628395989.
211, 31414199
What are the prime factors of 620361564?
2, 3, 51696797
List the prime factors of 91591115.
5, 7, 11, 19, 659
What are the prime factors of 3788979919?
3788979919
List the prime factors of 1262085032.
2, 13, 17, 19, 37571
List the prime factors of 628631319.
3, 43, 67, 72733
What are the prime factors of 56367993?
3, 11, 47, 36343
What are the prime factors of 22719071?
59, 385069
What are the prime factors of 114988699?
7, 59, 509, 547
List the prime factors of 383045977.
18229, 21013
List the prime factors of 59515191.
3, 23, 241, 1193
List the prime factors of 86668853.
23, 113, 33347
What are the prime factors of 600544194?
2, 3, 263, 431, 883
List the prime factors of 291321014.
2, 1663, 87589
List the prime factors of 4345960168.
2, 11, 229, 215659
What are the prime factors of 63600357?
3, 1907, 11117
What are the prime factors of 1580700663?
3, 47, 138403
What are the prime factors of 7534389?
3, 401, 6263
List the prime factors of 1931346783.
3, 2593, 82759
What are the prime factors of 1298737773?
3, 1481, 32479
List the prime factors of 159107393.
191, 833023
List the prime factors of 46999739.
1153, 40763
List the prime factors of 523046927.
13, 2909, 13831
List the prime factors of 794677704.
2, 3, 33111571
List the prime factors of 452655647.
2099, 215653
What are the prime factors of 1826901867?
3, 7, 86995327
List the prime factors of 20460313.
20460313
List the prime factors of 42934720.
2, 5, 134171
What are the prime factors of 167459160?
2, 3, 5, 11, 19, 607
What are the prime factors of 4088682747?
3, 103, 499, 8839
List the prime factors of 60516661.
269, 224969
List the prime factors of 4436427494.
2, 2218213747
What are the prime factors of 59279806?
2, 29639903
List the prime factors of 25017935.
5, 179, 27953
What are the prime factors of 4413607633?
89, 49591097
List the prime factors of 441425143.
43, 103, 99667
List the prime factors of 4275372559.
773, 1231, 4493
List the prime factors of 1775355691.
1775355691
What are the prime factors of 12445387?
103, 120829
What are the prime factors of 538233353?
7, 197, 390307
What are the prime factors of 170874003?
3, 29, 173, 11353
List the prime factors of 473507435.
5, 79, 127, 9439
List the prime factors of 3529439132.
2, 67, 13169549
What are the prime factors of 25885847?
13, 19, 104801
List the prime factors of 49240837.
19, 2591623
What are the prime factors of 58329252?
2, 3, 1620257
What are the prime factors of 58201731?
3, 7, 19, 48623
What are the prime factors of 25452177?
3, 2083, 4073
What are the prime factors of 348318379?
348318379
What are the prime factors of 3662785338?
2, 3, 610464223
What are the prime factors of 1125097648?
2, 3593, 19571
What are the prime factors of 1026032241?
3, 13, 1039, 25321
List the prime factors of 5017947.
3, 11, 73, 2083
List the prime factors of 191482292.
2, 2633, 18181
What are the prime factors of 1210396010?
2, 5, 121039601
What are the prime factors of 2264252129?
2264252129
What are the prime factors of 4745498376?
2, 3, 811, 243809
What are the prime factors of 2429316639?
3, 53, 211, 24137
What are the prime factors of 16140719?
7, 421, 5477
What are the prime factors of 442522511?
101, 4381411
What are the prime factors of 718405339?
3727, 192757
List the prime factors of 3360727071.
3, 13, 79, 9323
What are the prime factors of 425572902?
2, 3, 89, 421, 631
List the prime factors of 568671622.
2, 284335811
List the prime factors of 45300410.
2, 5, 17, 439, 607
List the prime factors of 1749185203.
1749185203
List the prime factors of 49572381.
3, 233, 70919
What are the prime factors of 439514145?
3, 5, 7, 1395283
List the prime factors of 24020683.
24020683
List the prime factors of 214538239.
4019, 53381
What are the prime factors of 229515709?
229515709
What are the prime factors of 114331817?
17, 6725401
List the prime factors of 1448758221.
3, 47, 283, 36307
List the prime factors of 5449645427.
5449645427
List the prime factors of 396569830.
2, 5, 1237, 32059
What are the prime factors of 45739679?
45739679
What are the prime factors of 632026461?
3, 11, 19152317
What are th